{"id":533,"date":"2018-05-04T13:08:13","date_gmt":"2018-05-04T11:08:13","guid":{"rendered":"https:\/\/www.nadir.fm\/wordpress\/?page_id=533"},"modified":"2018-05-06T18:09:25","modified_gmt":"2018-05-06T16:09:25","slug":"nadir-napoli-direzione-opposta-festival-ii-2016","status":"publish","type":"page","link":"https:\/\/scugnizzoliberato.org\/nadircollective\/nadir-napoli-direzione-opposta-festival-ii-2016\/","title":{"rendered":"NaDir \/ Napoli Direzione Opposta Festival II \u2013 2016"},"content":{"rendered":"<h2 style=\"text-align: center;\">TEASER<\/h2>\n<p><iframe loading=\"lazy\" width=\"750\" height=\"422\" src=\"https:\/\/www.youtube.com\/embed\/qX0e6nExOPM?feature=oembed\" frameborder=\"0\" allow=\"autoplay; encrypted-media\" allowfullscreen><\/iframe><\/p>\n<hr \/>\n<h2 style=\"text-align: center;\">PROGRAMMA<\/h2>\n<p>GIOVEDI&#8217; 7 LUGLIO<\/p>\n<p>TORNEI DI CALCIO E BASKET PER BAMBINI<br \/>\ncon il Coordinamento doposcuola<br \/>\n11:00<br \/>\nApertura iscrizione<br \/>\n11:45 &#8211; 13:00<br \/>\nPresentazione fra i bambini, torneo e saluto finale<\/p>\n<p>14:00<br \/>\nPranzo etnico<\/p>\n<p>16:00<br \/>\nCTRL: ***SIAE o non SIAE***<br \/>\nDalla nascita del diritto d\u2019Autore a Spotify: cronaca di un disastro annunciato<\/p>\n<p>17:00<br \/>\nProiezione documentario &#8220;Andrea pazienza &#8211; Fino all&#8217;estremo&#8221; (55&#8242;)<\/p>\n<p>17:00<br \/>\nResistenze oltreconfine: pratiche di lotta fra Grecia e Italia<\/p>\n<p>18:30<br \/>\nIncontro con Vincenzo Sparagna e Saverio Montella<\/p>\n<p>20.30<br \/>\nSezione emergenti NaDir Open Stage<br \/>\nLAMARCK<\/p>\n<p>21.00<br \/>\n<strong>BLINDUR<\/strong><br \/>\n<strong> SANDRO JOYEUX<\/strong><br \/>\n<strong> EPO<\/strong><br \/>\n<strong> GIOVANNI TRUPPI<\/strong><\/p>\n<hr \/>\n<p>VENERDI&#8217; 8 LUGLIO:<\/p>\n<p>I QUATTRO ELEMENTI: LABORATORIO PER BAMBINI<br \/>\n10:30 organizzazione<br \/>\n11:00 presentazione con il cerchio<br \/>\n11:20 laboratorio fino alle 12.50<br \/>\n12:50 inaugurazione del gioco<br \/>\n13:00 conclusione e di saluto&#8221;<\/p>\n<p>16:00<br \/>\nCTRL:COSA SERVE ALLA MUSICA? CHI FA COSA?<br \/>\nAutori e operatori condividono la propria esperienza<br \/>\nRipensiamo i flussi per trovare nuove sinergie<\/p>\n<p>17:00<br \/>\nBrexit: tra i fallimenti dell&#8217;Unione economico monetaria e le risposte sociali &#8211; Tavola rotonda<br \/>\nhttps:\/\/www.facebook.com\/events\/184615305274994\/<\/p>\n<p>17:30<br \/>\nPresentazione del fumetto &#8220;Ultima fermata. Una storia per Renato&#8221; a cura di Mensa Occupata e Acrobax<\/p>\n<p>20.30<br \/>\nSezione emergenti NaDir Open Stage<br \/>\n<strong> THELEGATI<\/strong><\/p>\n<p>21:00<br \/>\n<strong>CAPITAN CAPITONE E I FRATELLI DELLA COSTA<\/strong><br \/>\n<strong> + dj set<\/strong><\/p>\n<hr \/>\n<p>SABATO 9 LUGLIO:<\/p>\n<p>COSTRUISCI IL TUO GIOCO: LABORATORIO PER BAMBINI<br \/>\n10:00 organizzazione<br \/>\n11.00 presentazione con il cerchio<br \/>\n11.20 laboratorio fino alle 12.50<br \/>\n12.50 inaugurazione del gioco<br \/>\n13.00 conclusione e di saluto&#8221;<\/p>\n<p>15:30<br \/>\nProiezione documentario &#8220;Italian Punk Hardcore 1980-1989&#8221; (119&#8242;)<\/p>\n<p>15:00<br \/>\n\u201cDalle citt\u00e0 ribelli per costruire un nuovo autunno di lotte\u201d &#8211; Appello per un\u2019assemblea nazionale a Napoli.<br \/>\nhttps:\/\/www.facebook.com\/events\/1558421951119441\/<\/p>\n<p>17:30<br \/>\nPassato e presente del punk napoletano fra movimento e DIY. Incontro con Bostik (Tienament, Contropotere), Mario Orsini (Controcanti) e Mass Guidone (Atri6, Molopunx)<\/p>\n<p>18:30<br \/>\nCTRL: CONTROLLIAMO IL FUTURO?<br \/>\nPensieri e conclusioni comuni, intuizioni, considerazioni:<br \/>\nLinee programmatiche per il prossimo soggetto collettivo<\/p>\n<p>20:00<br \/>\nLive painting &#8220;NAPittat'&#8221; a cura del gruppo &#8220;Cube creative&#8221;<\/p>\n<p>20:30<br \/>\nSezione emergenti NaDir Open Stage<br \/>\n<strong> BLACK ON MAROON<\/strong><\/p>\n<p>21:00<br \/>\n<strong>JOE VICTOR<\/strong><br \/>\n<strong> LA VIA DEGLI ASTRONAUTI<\/strong><br \/>\n<strong> SULA VENTREBIANCO<\/strong><br \/>\n<strong> MINISTRI<\/strong><\/p>\n<hr \/>\n<p>TUTTO IL GIORNO<br \/>\nCUCINA by CLAtering di Terranostra Occupata<br \/>\nBAR<br \/>\nAREA MERCATO- dischi, libri, autoproduzioni<br \/>\nAREA MOSTRE<br \/>\nPerformance e allenamento libero del Tavolo Sport dello Scugnizzo Liberato<\/p>\n<p>1 DAY PASS: 8 euro DISPONIBLI ALLA PORTA<br \/>\n3 DAY PASS: 18 euro<\/p>\n<p>MEDIAPARTNER<br \/>\nMusic Coast To Coast (http:\/\/www.musiccoasttocoast.it\/)<br \/>\nMOBILITY PARTNER<br \/>\nClubsharing (http:\/\/clubsharing.club\/)<\/p>\n<p>NaDir \u00e8 un festival indipendente perch\u00e9 \u00e8 completamente finanziato, dalle attrezzature ai gruppi, in maniera autonoma dal collettivo che lo organizza e da chi verr\u00e0 a viverlo come pubblico attivo.<br \/>\nNaDir, per la sua policy votata all&#8217;indipendenza e all&#8217;autonomia, \u00e8 inoltre parte della rete dei festival del MEI (Meeting delle Etichette Indipendenti).<br \/>\nIl Comune di Napoli, con l&#8217;impegno dell&#8217;Assessorato alle Politiche Giovanili, ha concesso l&#8217;utilizzo del suolo pubblico su cui verr\u00e0 realizzato il festival e la riduzione del canone al 15% prevista dall\u2019art. 30 \u201cRiduzioni\u201d del regolamento COSAP (approvato con Deliberazione di Consiglio Comunale n. 54 del 26\/9\/2014) in caso di \u201cparticolare rilevanza dell&#8217;evento per l&#8217;interesse pubblico\u201d.<br \/>\nAlla fine dell&#8217;evento sar\u00e0 pubblico sul nostro sito il bilancio economico consuntivo che sar\u00e0 fornito anche alla Giunta.<\/p>\n","protected":false},"excerpt":{"rendered":"<p>TEASER PROGRAMMA GIOVEDI&#8217; 7 LUGLIO TORNEI DI CALCIO E BASKET PER BAMBINI con il Coordinamento doposcuola 11:00 Apertura iscrizione 11:45 &#8211; 13:00 Presentazione fra i bambini, torneo e saluto finale 14:00 Pranzo etnico 16:00 CTRL: ***SIAE o non SIAE*** Dalla nascita del diritto d\u2019Autore a Spotify: cronaca di un disastro [&hellip;]<\/p>\n","protected":false},"author":9,"featured_media":0,"parent":0,"menu_order":0,"comment_status":"closed","ping_status":"closed","template":"","meta":{"footnotes":""},"class_list":["post-533","page","type-page","status-publish","hentry"],"yoast_head":"<!-- This site is optimized with the Yoast SEO plugin v27.4 - https:\/\/yoast.com\/product\/yoast-seo-wordpress\/ -->\n<title>NaDir \/ Napoli Direzione Opposta Festival II \u2013 2016 - NaDir \/ Napoli Direzione Opposta<\/title>\n<meta name=\"robots\" content=\"index, follow, max-snippet:-1, max-image-preview:large, max-video-preview:-1\" \/>\n<link rel=\"canonical\" href=\"https:\/\/scugnizzoliberato.org\/nadircollective\/nadir-napoli-direzione-opposta-festival-ii-2016\/\" \/>\n<meta property=\"og:locale\" content=\"en_US\" \/>\n<meta property=\"og:type\" content=\"article\" \/>\n<meta property=\"og:title\" content=\"NaDir \/ Napoli Direzione Opposta Festival II \u2013 2016 - NaDir \/ Napoli Direzione Opposta\" \/>\n<meta property=\"og:description\" content=\"TEASER PROGRAMMA GIOVEDI&#8217; 7 LUGLIO TORNEI DI CALCIO E BASKET PER BAMBINI con il Coordinamento doposcuola 11:00 Apertura iscrizione 11:45 &#8211; 13:00 Presentazione fra i bambini, torneo e saluto finale 14:00 Pranzo etnico 16:00 CTRL: ***SIAE o non SIAE*** Dalla nascita del diritto d\u2019Autore a Spotify: cronaca di un disastro [&hellip;]\" \/>\n<meta property=\"og:url\" content=\"https:\/\/scugnizzoliberato.org\/nadircollective\/nadir-napoli-direzione-opposta-festival-ii-2016\/\" \/>\n<meta property=\"og:site_name\" content=\"NaDir \/ Napoli Direzione Opposta\" \/>\n<meta property=\"article:publisher\" content=\"https:\/\/www.facebook.com\/nadirdirezioneopposta\/\" \/>\n<meta property=\"article:modified_time\" content=\"2018-05-06T16:09:25+00:00\" \/>\n<meta property=\"og:image\" content=\"https:\/\/scugnizzoliberato.org\/nadircollective\/wp-content\/uploads\/2018\/05\/GZEROchitarrella.jpg\" \/>\n\t<meta property=\"og:image:width\" content=\"1024\" \/>\n\t<meta property=\"og:image:height\" content=\"681\" \/>\n\t<meta property=\"og:image:type\" content=\"image\/jpeg\" \/>\n<meta name=\"twitter:card\" content=\"summary_large_image\" \/>\n<meta name=\"twitter:site\" content=\"@NaDirCollective\" \/>\n<meta name=\"twitter:label1\" content=\"Est. reading time\" \/>\n\t<meta name=\"twitter:data1\" content=\"2 minutes\" \/>\n<script type=\"application\/ld+json\" class=\"yoast-schema-graph\">{\"@context\":\"https:\\\/\\\/schema.org\",\"@graph\":[{\"@type\":\"WebPage\",\"@id\":\"https:\\\/\\\/scugnizzoliberato.org\\\/nadircollective\\\/nadir-napoli-direzione-opposta-festival-ii-2016\\\/\",\"url\":\"https:\\\/\\\/scugnizzoliberato.org\\\/nadircollective\\\/nadir-napoli-direzione-opposta-festival-ii-2016\\\/\",\"name\":\"NaDir \\\/ Napoli Direzione Opposta Festival II \u2013 2016 - NaDir \\\/ Napoli Direzione Opposta\",\"isPartOf\":{\"@id\":\"https:\\\/\\\/scugnizzoliberato.org\\\/nadircollective\\\/#website\"},\"datePublished\":\"2018-05-04T11:08:13+00:00\",\"dateModified\":\"2018-05-06T16:09:25+00:00\",\"breadcrumb\":{\"@id\":\"https:\\\/\\\/scugnizzoliberato.org\\\/nadircollective\\\/nadir-napoli-direzione-opposta-festival-ii-2016\\\/#breadcrumb\"},\"inLanguage\":\"en-US\",\"potentialAction\":[{\"@type\":\"ReadAction\",\"target\":[\"https:\\\/\\\/scugnizzoliberato.org\\\/nadircollective\\\/nadir-napoli-direzione-opposta-festival-ii-2016\\\/\"]}]},{\"@type\":\"BreadcrumbList\",\"@id\":\"https:\\\/\\\/scugnizzoliberato.org\\\/nadircollective\\\/nadir-napoli-direzione-opposta-festival-ii-2016\\\/#breadcrumb\",\"itemListElement\":[{\"@type\":\"ListItem\",\"position\":1,\"name\":\"Home\",\"item\":\"https:\\\/\\\/scugnizzoliberato.org\\\/nadircollective\\\/\"},{\"@type\":\"ListItem\",\"position\":2,\"name\":\"NaDir \\\/ Napoli Direzione Opposta Festival II \u2013 2016\"}]},{\"@type\":\"WebSite\",\"@id\":\"https:\\\/\\\/scugnizzoliberato.org\\\/nadircollective\\\/#website\",\"url\":\"https:\\\/\\\/scugnizzoliberato.org\\\/nadircollective\\\/\",\"name\":\"NaDir Collective\",\"description\":\"Collettivo di musicist*, artist*, precar* dello spettacolo \ud83d\ude802015 \ud83c\udfe0 Scugnizzo Liberato \\\/ Napoli\",\"publisher\":{\"@id\":\"https:\\\/\\\/scugnizzoliberato.org\\\/nadircollective\\\/#organization\"},\"potentialAction\":[{\"@type\":\"SearchAction\",\"target\":{\"@type\":\"EntryPoint\",\"urlTemplate\":\"https:\\\/\\\/scugnizzoliberato.org\\\/nadircollective\\\/?s={search_term_string}\"},\"query-input\":{\"@type\":\"PropertyValueSpecification\",\"valueRequired\":true,\"valueName\":\"search_term_string\"}}],\"inLanguage\":\"en-US\"},{\"@type\":\"Organization\",\"@id\":\"https:\\\/\\\/scugnizzoliberato.org\\\/nadircollective\\\/#organization\",\"name\":\"NaDir \\\/ Napoli Direzione Opposta\",\"url\":\"https:\\\/\\\/scugnizzoliberato.org\\\/nadircollective\\\/\",\"logo\":{\"@type\":\"ImageObject\",\"inLanguage\":\"en-US\",\"@id\":\"https:\\\/\\\/scugnizzoliberato.org\\\/nadircollective\\\/#\\\/schema\\\/logo\\\/image\\\/\",\"url\":\"https:\\\/\\\/scugnizzoliberato.org\\\/nadircollective\\\/wp-content\\\/uploads\\\/2018\\\/05\\\/sestante-NaDir.png\",\"contentUrl\":\"https:\\\/\\\/scugnizzoliberato.org\\\/nadircollective\\\/wp-content\\\/uploads\\\/2018\\\/05\\\/sestante-NaDir.png\",\"width\":512,\"height\":512,\"caption\":\"NaDir \\\/ Napoli Direzione Opposta\"},\"image\":{\"@id\":\"https:\\\/\\\/scugnizzoliberato.org\\\/nadircollective\\\/#\\\/schema\\\/logo\\\/image\\\/\"},\"sameAs\":[\"https:\\\/\\\/www.facebook.com\\\/nadirdirezioneopposta\\\/\",\"https:\\\/\\\/x.com\\\/NaDirCollective\",\"https:\\\/\\\/www.instagram.com\\\/nadir_direzioneopposta\\\/\",\"https:\\\/\\\/www.youtube.com\\\/channel\\\/UCdR4Xs7DPzaR7HQslIgHMTA\"]}]}<\/script>\n<!-- \/ Yoast SEO plugin. -->","yoast_head_json":{"title":"NaDir \/ Napoli Direzione Opposta Festival II \u2013 2016 - NaDir \/ Napoli Direzione Opposta","robots":{"index":"index","follow":"follow","max-snippet":"max-snippet:-1","max-image-preview":"max-image-preview:large","max-video-preview":"max-video-preview:-1"},"canonical":"https:\/\/scugnizzoliberato.org\/nadircollective\/nadir-napoli-direzione-opposta-festival-ii-2016\/","og_locale":"en_US","og_type":"article","og_title":"NaDir \/ Napoli Direzione Opposta Festival II \u2013 2016 - NaDir \/ Napoli Direzione Opposta","og_description":"TEASER PROGRAMMA GIOVEDI&#8217; 7 LUGLIO TORNEI DI CALCIO E BASKET PER BAMBINI con il Coordinamento doposcuola 11:00 Apertura iscrizione 11:45 &#8211; 13:00 Presentazione fra i bambini, torneo e saluto finale 14:00 Pranzo etnico 16:00 CTRL: ***SIAE o non SIAE*** Dalla nascita del diritto d\u2019Autore a Spotify: cronaca di un disastro [&hellip;]","og_url":"https:\/\/scugnizzoliberato.org\/nadircollective\/nadir-napoli-direzione-opposta-festival-ii-2016\/","og_site_name":"NaDir \/ Napoli Direzione Opposta","article_publisher":"https:\/\/www.facebook.com\/nadirdirezioneopposta\/","article_modified_time":"2018-05-06T16:09:25+00:00","og_image":[{"width":1024,"height":681,"url":"https:\/\/scugnizzoliberato.org\/nadircollective\/wp-content\/uploads\/2018\/05\/GZEROchitarrella.jpg","type":"image\/jpeg"}],"twitter_card":"summary_large_image","twitter_site":"@NaDirCollective","twitter_misc":{"Est. reading time":"2 minutes"},"schema":{"@context":"https:\/\/schema.org","@graph":[{"@type":"WebPage","@id":"https:\/\/scugnizzoliberato.org\/nadircollective\/nadir-napoli-direzione-opposta-festival-ii-2016\/","url":"https:\/\/scugnizzoliberato.org\/nadircollective\/nadir-napoli-direzione-opposta-festival-ii-2016\/","name":"NaDir \/ Napoli Direzione Opposta Festival II \u2013 2016 - NaDir \/ Napoli Direzione Opposta","isPartOf":{"@id":"https:\/\/scugnizzoliberato.org\/nadircollective\/#website"},"datePublished":"2018-05-04T11:08:13+00:00","dateModified":"2018-05-06T16:09:25+00:00","breadcrumb":{"@id":"https:\/\/scugnizzoliberato.org\/nadircollective\/nadir-napoli-direzione-opposta-festival-ii-2016\/#breadcrumb"},"inLanguage":"en-US","potentialAction":[{"@type":"ReadAction","target":["https:\/\/scugnizzoliberato.org\/nadircollective\/nadir-napoli-direzione-opposta-festival-ii-2016\/"]}]},{"@type":"BreadcrumbList","@id":"https:\/\/scugnizzoliberato.org\/nadircollective\/nadir-napoli-direzione-opposta-festival-ii-2016\/#breadcrumb","itemListElement":[{"@type":"ListItem","position":1,"name":"Home","item":"https:\/\/scugnizzoliberato.org\/nadircollective\/"},{"@type":"ListItem","position":2,"name":"NaDir \/ Napoli Direzione Opposta Festival II \u2013 2016"}]},{"@type":"WebSite","@id":"https:\/\/scugnizzoliberato.org\/nadircollective\/#website","url":"https:\/\/scugnizzoliberato.org\/nadircollective\/","name":"NaDir Collective","description":"Collettivo di musicist*, artist*, precar* dello spettacolo \ud83d\ude802015 \ud83c\udfe0 Scugnizzo Liberato \/ Napoli","publisher":{"@id":"https:\/\/scugnizzoliberato.org\/nadircollective\/#organization"},"potentialAction":[{"@type":"SearchAction","target":{"@type":"EntryPoint","urlTemplate":"https:\/\/scugnizzoliberato.org\/nadircollective\/?s={search_term_string}"},"query-input":{"@type":"PropertyValueSpecification","valueRequired":true,"valueName":"search_term_string"}}],"inLanguage":"en-US"},{"@type":"Organization","@id":"https:\/\/scugnizzoliberato.org\/nadircollective\/#organization","name":"NaDir \/ Napoli Direzione Opposta","url":"https:\/\/scugnizzoliberato.org\/nadircollective\/","logo":{"@type":"ImageObject","inLanguage":"en-US","@id":"https:\/\/scugnizzoliberato.org\/nadircollective\/#\/schema\/logo\/image\/","url":"https:\/\/scugnizzoliberato.org\/nadircollective\/wp-content\/uploads\/2018\/05\/sestante-NaDir.png","contentUrl":"https:\/\/scugnizzoliberato.org\/nadircollective\/wp-content\/uploads\/2018\/05\/sestante-NaDir.png","width":512,"height":512,"caption":"NaDir \/ Napoli Direzione Opposta"},"image":{"@id":"https:\/\/scugnizzoliberato.org\/nadircollective\/#\/schema\/logo\/image\/"},"sameAs":["https:\/\/www.facebook.com\/nadirdirezioneopposta\/","https:\/\/x.com\/NaDirCollective","https:\/\/www.instagram.com\/nadir_direzioneopposta\/","https:\/\/www.youtube.com\/channel\/UCdR4Xs7DPzaR7HQslIgHMTA"]}]}},"_links":{"self":[{"href":"https:\/\/scugnizzoliberato.org\/nadircollective\/wp-json\/wp\/v2\/pages\/533","targetHints":{"allow":["GET"]}}],"collection":[{"href":"https:\/\/scugnizzoliberato.org\/nadircollective\/wp-json\/wp\/v2\/pages"}],"about":[{"href":"https:\/\/scugnizzoliberato.org\/nadircollective\/wp-json\/wp\/v2\/types\/page"}],"author":[{"embeddable":true,"href":"https:\/\/scugnizzoliberato.org\/nadircollective\/wp-json\/wp\/v2\/users\/9"}],"replies":[{"embeddable":true,"href":"https:\/\/scugnizzoliberato.org\/nadircollective\/wp-json\/wp\/v2\/comments?post=533"}],"version-history":[{"count":5,"href":"https:\/\/scugnizzoliberato.org\/nadircollective\/wp-json\/wp\/v2\/pages\/533\/revisions"}],"predecessor-version":[{"id":549,"href":"https:\/\/scugnizzoliberato.org\/nadircollective\/wp-json\/wp\/v2\/pages\/533\/revisions\/549"}],"wp:attachment":[{"href":"https:\/\/scugnizzoliberato.org\/nadircollective\/wp-json\/wp\/v2\/media?parent=533"}],"curies":[{"name":"wp","href":"https:\/\/api.w.org\/{rel}","templated":true}]}}